{"id":4270361,"date":"2021-04-09T09:25:07","date_gmt":"2021-04-09T07:25:07","guid":{"rendered":"https:\/\/www.deptagency.com\/proyectos\/"},"modified":"2025-12-04T09:17:30","modified_gmt":"2025-12-04T07:17:30","slug":"proyectos","status":"publish","type":"page","link":"https:\/\/www.deptagency.com\/latam\/proyectos\/","title":{"rendered":"Proyectos"},"content":{"rendered":"<div class=\"block-work-listing-v2 js-block-work-listing-v2\">\n\t<h1\tclass=\"text text-sans-100 block-work-listing-v2__title js-block-work-listing-v2-title is-bold-sans\"\n\tdata-animation=\"slide\" data-animation-target=\"words\" data-animation-stagger=\"0.015\" >WORK<\/h1>\n\t<div\n\t\tclass=\"js-block-work-listing-v2-container\"\n\t\tdata-taxonomies=\"{&quot;solutions&quot;:{&quot;taxonomy&quot;:{&quot;name&quot;:&quot;Servicio&quot;,&quot;slug&quot;:&quot;solutions&quot;},&quot;terms&quot;:[{&quot;id&quot;:42723,&quot;name&quot;:&quot;Comercio&quot;,&quot;slug&quot;:&quot;comercio-latam&quot;,&quot;count&quot;:17},{&quot;id&quot;:42724,&quot;name&quot;:&quot;Experiencia del Cliente&quot;,&quot;slug&quot;:&quot;experiencia-del-cliente-latam&quot;,&quot;count&quot;:39},{&quot;id&quot;:42725,&quot;name&quot;:&quot;Marca y Medios&quot;,&quot;slug&quot;:&quot;marca-y-medios-latam&quot;,&quot;count&quot;:41},{&quot;id&quot;:42731,&quot;name&quot;:&quot;Tecnolog\\u00eda y Datos&quot;,&quot;slug&quot;:&quot;tecnologia-y-datos-latam&quot;,&quot;count&quot;:35},{&quot;id&quot;:42738,&quot;name&quot;:&quot;Transformaci\\u00f3n con IA&quot;,&quot;slug&quot;:&quot;ai-latam&quot;,&quot;count&quot;:6}]},&quot;industries&quot;:{&quot;taxonomy&quot;:{&quot;name&quot;:&quot;Industria&quot;,&quot;slug&quot;:&quot;industries&quot;},&quot;terms&quot;:[{&quot;id&quot;:42944,&quot;name&quot;:&quot;Agriculture &amp; Food&quot;,&quot;slug&quot;:&quot;agriculture&quot;,&quot;count&quot;:1},{&quot;id&quot;:42735,&quot;name&quot;:&quot;Arte y Cultura&quot;,&quot;slug&quot;:&quot;arte-y-cultura-latam&quot;,&quot;count&quot;:10},{&quot;id&quot;:42729,&quot;name&quot;:&quot;Automotriz&quot;,&quot;slug&quot;:&quot;automotriz-latam&quot;,&quot;count&quot;:3},{&quot;id&quot;:42733,&quot;name&quot;:&quot;Banca, Servicios Financieros y Seguros&quot;,&quot;slug&quot;:&quot;banca-servicios-financieros-y-seguros-latam&quot;,&quot;count&quot;:5},{&quot;id&quot;:42732,&quot;name&quot;:&quot;Consumer Packaged Goods&quot;,&quot;slug&quot;:&quot;consumer-packaged-goods-latam&quot;,&quot;count&quot;:11},{&quot;id&quot;:42737,&quot;name&quot;:&quot;Familia y Ni\\u00f1xs&quot;,&quot;slug&quot;:&quot;familia-y-ninxs-latam&quot;,&quot;count&quot;:3},{&quot;id&quot;:42739,&quot;name&quot;:&quot;Impact&quot;,&quot;slug&quot;:&quot;impact-latam&quot;,&quot;count&quot;:6},{&quot;id&quot;:42730,&quot;name&quot;:&quot;Manufactura&quot;,&quot;slug&quot;:&quot;manufactura-latam&quot;,&quot;count&quot;:9},{&quot;id&quot;:42726,&quot;name&quot;:&quot;Moda&quot;,&quot;slug&quot;:&quot;moda-latam&quot;,&quot;count&quot;:19},{&quot;id&quot;:42727,&quot;name&quot;:&quot;Retail y Comercio&quot;,&quot;slug&quot;:&quot;retail-y-comercio-latam&quot;,&quot;count&quot;:37},{&quot;id&quot;:42740,&quot;name&quot;:&quot;Salud&quot;,&quot;slug&quot;:&quot;salud-latam&quot;,&quot;count&quot;:8},{&quot;id&quot;:42736,&quot;name&quot;:&quot;Servicios P\\u00fablicos y ONGs&quot;,&quot;slug&quot;:&quot;servicios-publicos-y-ongs-latam&quot;,&quot;count&quot;:3},{&quot;id&quot;:42728,&quot;name&quot;:&quot;Tech, Medios y Telcos&quot;,&quot;slug&quot;:&quot;tech-medios-y-telcos-latam&quot;,&quot;count&quot;:21},{&quot;id&quot;:42734,&quot;name&quot;:&quot;Viajes&quot;,&quot;slug&quot;:&quot;viajes-latam&quot;,&quot;count&quot;:11}]}}\"\n\t\tdata-loading-type=\"pagination\"\n\t\tdata-empty-state-label=\"No results found.\"\n\t\tdata-empty-state-image-url=\"\"\n\t\tdata-animation=\"fade\"\n\t\tdata-animation-delay=\"0.65\"\n\t\tdata-language=\"latam\"\n\t\t\t\t\tdata-featured-post=\"{&quot;id&quot;:4258654,&quot;imageUrl&quot;:&quot;https:\\\/\\\/www.deptagency.com\\\/wp-content\\\/uploads\\\/2024\\\/04\\\/ebay-fashion-pr-website-case-image-1920x1080-1.png&quot;,&quot;imageAlt&quot;:&quot;ebay campaign woman standing in living room full of products flying around&quot;,&quot;caseVideo&quot;:{&quot;type&quot;:&quot;local&quot;,&quot;id&quot;:4264852,&quot;url&quot;:&quot;https:\\\/\\\/www.deptagency.com\\\/wp-content\\\/uploads\\\/2024\\\/10\\\/DEPT\\u00ae-x-eBay.mp4&quot;,&quot;mime&quot;:&quot;video\\\/mp4&quot;},&quot;url&quot;:&quot;https:\\\/\\\/www.deptagency.com\\\/case\\\/ebay\\\/&quot;,&quot;hoverColor&quot;:&quot;#E53238&quot;,&quot;hoverText&quot;:&quot;Connecting customer experiences for a world leading marketplace&quot;,&quot;label&quot;:&quot;eBay&quot;,&quot;tags&quot;:[&quot;Brand &amp; Media&quot;,&quot;Retail &amp; Commerce&quot;]}\"\n\t\t\t><\/div>\n<\/div>","protected":false},"excerpt":{"rendered":"","protected":false},"author":40,"featured_media":4270364,"parent":0,"menu_order":0,"comment_status":"closed","ping_status":"closed","template":"","meta":{"_acf_changed":false,"es_utils_meta_schema":"","member_job_title":"","member_linkedin_url":"","dept_alt_featured_image":[],"dept_algolia_noindex":false,"dept_algolia_featured":false,"footnotes":""},"class_list":["post-4270361","page","type-page","status-publish","has-post-thumbnail","hentry"],"acf":{"dept_is_3q_page":false},"yoast_head":"<!-- This site is optimized with the Yoast SEO plugin v27.3 - https:\/\/yoast.com\/product\/yoast-seo-wordpress\/ -->\n<title>Proyectos - DEPT\u00ae<\/title>\n<meta name=\"description\" content=\"Descubre c\u00f3mo desbloqueamos las posibilidades del ma\u00f1ana para las empresas m\u00e1s ambiciosas de hoy con esta selecci\u00f3n de nuestros proyectos galardonados.\" \/>\n<meta name=\"robots\" content=\"index, follow, max-snippet:-1, max-image-preview:large, max-video-preview:-1\" \/>\n<link rel=\"canonical\" href=\"https:\/\/www.deptagency.com\/work\/\" \/>\n<meta property=\"og:locale\" content=\"es_ES\" \/>\n<meta property=\"og:type\" content=\"article\" \/>\n<meta property=\"og:title\" content=\"Proyectos - DEPT\u00ae\" \/>\n<meta property=\"og:description\" content=\"Descubre c\u00f3mo desbloqueamos las posibilidades del ma\u00f1ana para las empresas m\u00e1s ambiciosas de hoy con esta selecci\u00f3n de nuestros proyectos galardonados.\" \/>\n<meta property=\"og:url\" content=\"https:\/\/www.deptagency.com\/work\/\" \/>\n<meta property=\"og:site_name\" content=\"DEPT\u00ae\" \/>\n<meta property=\"article:modified_time\" content=\"2025-12-04T07:17:30+00:00\" \/>\n<meta property=\"og:image\" content=\"https:\/\/www.deptagency.com\/wp-content\/uploads\/2023\/09\/Growth-marketing-DEPT\u00ae.jpeg\" \/>\n\t<meta property=\"og:image:width\" content=\"1280\" \/>\n\t<meta property=\"og:image:height\" content=\"720\" \/>\n\t<meta property=\"og:image:type\" content=\"image\/jpeg\" \/>\n<meta name=\"twitter:card\" content=\"summary_large_image\" \/>\n<meta name=\"twitter:label1\" content=\"Est. reading time\" \/>\n\t<meta name=\"twitter:data1\" content=\"1 minute\" \/>\n<script type=\"application\/ld+json\" class=\"yoast-schema-graph\">{\"@context\":\"https:\\\/\\\/schema.org\",\"@graph\":[{\"@type\":\"WebPage\",\"@id\":\"https:\\\/\\\/www.deptagency.com\\\/work\\\/\",\"url\":\"https:\\\/\\\/www.deptagency.com\\\/work\\\/\",\"name\":\"Proyectos - DEPT\u00ae\",\"isPartOf\":{\"@id\":\"https:\\\/\\\/www.deptagency.com\\\/en-uki\\\/#website\"},\"primaryImageOfPage\":{\"@id\":\"https:\\\/\\\/www.deptagency.com\\\/work\\\/#primaryimage\"},\"image\":{\"@id\":\"https:\\\/\\\/www.deptagency.com\\\/work\\\/#primaryimage\"},\"thumbnailUrl\":\"https:\\\/\\\/www.deptagency.com\\\/wp-content\\\/uploads\\\/2023\\\/09\\\/Growth-marketing-DEPT\u00ae.jpeg\",\"datePublished\":\"2021-04-09T07:25:07+00:00\",\"dateModified\":\"2025-12-04T07:17:30+00:00\",\"description\":\"Descubre c\u00f3mo desbloqueamos las posibilidades del ma\u00f1ana para las empresas m\u00e1s ambiciosas de hoy con esta selecci\u00f3n de nuestros proyectos galardonados.\",\"breadcrumb\":{\"@id\":\"https:\\\/\\\/www.deptagency.com\\\/work\\\/#breadcrumb\"},\"inLanguage\":\"es-LATAM\",\"potentialAction\":[{\"@type\":\"ReadAction\",\"target\":[\"https:\\\/\\\/www.deptagency.com\\\/work\\\/\"]}]},{\"@type\":\"ImageObject\",\"inLanguage\":\"es-LATAM\",\"@id\":\"https:\\\/\\\/www.deptagency.com\\\/work\\\/#primaryimage\",\"url\":\"https:\\\/\\\/www.deptagency.com\\\/wp-content\\\/uploads\\\/2023\\\/09\\\/Growth-marketing-DEPT\u00ae.jpeg\",\"contentUrl\":\"https:\\\/\\\/www.deptagency.com\\\/wp-content\\\/uploads\\\/2023\\\/09\\\/Growth-marketing-DEPT\u00ae.jpeg\",\"width\":1280,\"height\":720},{\"@type\":\"BreadcrumbList\",\"@id\":\"https:\\\/\\\/www.deptagency.com\\\/work\\\/#breadcrumb\",\"itemListElement\":[{\"@type\":\"ListItem\",\"position\":1,\"name\":\"Home\",\"item\":\"https:\\\/\\\/www.deptagency.com\\\/latam\\\/\"},{\"@type\":\"ListItem\",\"position\":2,\"name\":\"Proyectos\"}]},{\"@type\":\"WebSite\",\"@id\":\"https:\\\/\\\/www.deptagency.com\\\/en-uki\\\/#website\",\"url\":\"https:\\\/\\\/www.deptagency.com\\\/en-uki\\\/\",\"name\":\"DEPT\u00ae\",\"description\":\"\",\"potentialAction\":[{\"@type\":\"SearchAction\",\"target\":{\"@type\":\"EntryPoint\",\"urlTemplate\":\"https:\\\/\\\/www.deptagency.com\\\/en-uki\\\/?s={search_term_string}\"},\"query-input\":{\"@type\":\"PropertyValueSpecification\",\"valueRequired\":true,\"valueName\":\"search_term_string\"}}],\"inLanguage\":\"es-LATAM\"}]}<\/script>\n<!-- \/ Yoast SEO plugin. -->","yoast_head_json":{"title":"Proyectos - DEPT\u00ae","description":"Descubre c\u00f3mo desbloqueamos las posibilidades del ma\u00f1ana para las empresas m\u00e1s ambiciosas de hoy con esta selecci\u00f3n de nuestros proyectos galardonados.","robots":{"index":"index","follow":"follow","max-snippet":"max-snippet:-1","max-image-preview":"max-image-preview:large","max-video-preview":"max-video-preview:-1"},"canonical":"https:\/\/www.deptagency.com\/work\/","og_locale":"es_ES","og_type":"article","og_title":"Proyectos - DEPT\u00ae","og_description":"Descubre c\u00f3mo desbloqueamos las posibilidades del ma\u00f1ana para las empresas m\u00e1s ambiciosas de hoy con esta selecci\u00f3n de nuestros proyectos galardonados.","og_url":"https:\/\/www.deptagency.com\/work\/","og_site_name":"DEPT\u00ae","article_modified_time":"2025-12-04T07:17:30+00:00","og_image":[{"width":1280,"height":720,"url":"https:\/\/www.deptagency.com\/wp-content\/uploads\/2023\/09\/Growth-marketing-DEPT\u00ae.jpeg","type":"image\/jpeg"}],"twitter_card":"summary_large_image","twitter_misc":{"Est. reading time":"1 minute"},"schema":{"@context":"https:\/\/schema.org","@graph":[{"@type":"WebPage","@id":"https:\/\/www.deptagency.com\/work\/","url":"https:\/\/www.deptagency.com\/work\/","name":"Proyectos - DEPT\u00ae","isPartOf":{"@id":"https:\/\/www.deptagency.com\/en-uki\/#website"},"primaryImageOfPage":{"@id":"https:\/\/www.deptagency.com\/work\/#primaryimage"},"image":{"@id":"https:\/\/www.deptagency.com\/work\/#primaryimage"},"thumbnailUrl":"https:\/\/www.deptagency.com\/wp-content\/uploads\/2023\/09\/Growth-marketing-DEPT\u00ae.jpeg","datePublished":"2021-04-09T07:25:07+00:00","dateModified":"2025-12-04T07:17:30+00:00","description":"Descubre c\u00f3mo desbloqueamos las posibilidades del ma\u00f1ana para las empresas m\u00e1s ambiciosas de hoy con esta selecci\u00f3n de nuestros proyectos galardonados.","breadcrumb":{"@id":"https:\/\/www.deptagency.com\/work\/#breadcrumb"},"inLanguage":"es-LATAM","potentialAction":[{"@type":"ReadAction","target":["https:\/\/www.deptagency.com\/work\/"]}]},{"@type":"ImageObject","inLanguage":"es-LATAM","@id":"https:\/\/www.deptagency.com\/work\/#primaryimage","url":"https:\/\/www.deptagency.com\/wp-content\/uploads\/2023\/09\/Growth-marketing-DEPT\u00ae.jpeg","contentUrl":"https:\/\/www.deptagency.com\/wp-content\/uploads\/2023\/09\/Growth-marketing-DEPT\u00ae.jpeg","width":1280,"height":720},{"@type":"BreadcrumbList","@id":"https:\/\/www.deptagency.com\/work\/#breadcrumb","itemListElement":[{"@type":"ListItem","position":1,"name":"Home","item":"https:\/\/www.deptagency.com\/latam\/"},{"@type":"ListItem","position":2,"name":"Proyectos"}]},{"@type":"WebSite","@id":"https:\/\/www.deptagency.com\/en-uki\/#website","url":"https:\/\/www.deptagency.com\/en-uki\/","name":"DEPT\u00ae","description":"","potentialAction":[{"@type":"SearchAction","target":{"@type":"EntryPoint","urlTemplate":"https:\/\/www.deptagency.com\/en-uki\/?s={search_term_string}"},"query-input":{"@type":"PropertyValueSpecification","valueRequired":true,"valueName":"search_term_string"}}],"inLanguage":"es-LATAM"}]}},"_links":{"self":[{"href":"https:\/\/www.deptagency.com\/latam\/wp-json\/wp\/v2\/pages\/4270361","targetHints":{"allow":["GET"]}}],"collection":[{"href":"https:\/\/www.deptagency.com\/latam\/wp-json\/wp\/v2\/pages"}],"about":[{"href":"https:\/\/www.deptagency.com\/latam\/wp-json\/wp\/v2\/types\/page"}],"author":[{"embeddable":true,"href":"https:\/\/www.deptagency.com\/latam\/wp-json\/wp\/v2\/users\/40"}],"replies":[{"embeddable":true,"href":"https:\/\/www.deptagency.com\/latam\/wp-json\/wp\/v2\/comments?post=4270361"}],"version-history":[{"count":3,"href":"https:\/\/www.deptagency.com\/latam\/wp-json\/wp\/v2\/pages\/4270361\/revisions"}],"predecessor-version":[{"id":4387543,"href":"https:\/\/www.deptagency.com\/latam\/wp-json\/wp\/v2\/pages\/4270361\/revisions\/4387543"}],"wp:featuredmedia":[{"embeddable":true,"href":"https:\/\/www.deptagency.com\/latam\/wp-json\/wp\/v2\/media\/4270364"}],"wp:attachment":[{"href":"https:\/\/www.deptagency.com\/latam\/wp-json\/wp\/v2\/media?parent=4270361"}],"curies":[{"name":"wp","href":"https:\/\/api.w.org\/{rel}","templated":true}]}}